divisor of x and r?
9
Suppose -2*l - 27 = -5*l. Let t be (-1512)/144*(-158)/3. Let r = 625 - t. Calculate the greatest common divisor of r and l.
9
Let r(i) = -4*i**2 + 24*i + 7. Let u be r(11). Let b be u/(-12) - (-3)/12. What is the greatest common divisor of 12 and b?
6
Let i(c) = -8*c - 8. Let s be i(-6). Let m be 26730/55 - 8 - 11*-2. Calculate the highest common divisor of s and m.
20
Let o(n) = n**3 - 21*n**2 + 43*n - 84. Let b be o(19). What is the greatest common factor of 8 and b?
1
Let g(a) = -58*a**3 - 3*a**2 - 39*a - 191. Let b be g(-4). What is the greatest common factor of 76 and b?
19
Suppose 35 = -4*u + 119. Let m be u*6 - (0 - -1). Let r = -33 - -83. What is the greatest common divisor of r and m?
25
Let f be 83*(1 + 18/(-2))*8/(-2). What is the highest common divisor of f and 83?
83
Let c be (0 - (0 - -156))/(1518/(-2024)). Calculate the greatest common factor of 221 and c.
13
Let p(r) = -r + 1. Let z(i) = 28*i + 16. Let u(l) = 5*p(l) + z(l). Let m be 52/4*(-5)/(1 - 6). Let f be u(m). What is the greatest common divisor of f and 20?
20
Let s be (-15)/((-4 + 46/8)*58/(-203)). Let r be 225 + 1 + (-1)/1. Calculate the greatest common factor of s and r.
15
Let n = 35 + -23. Let j(f) = 2*f**2 - 9*f - 27. Let o be j(n). Let x be (-168)/(-10) - 5/(-25). What is the greatest common factor of o and x?
17
Suppose 0 = 9*q - 8*q - 3, 2*b = -4*q + 84. Let a = 329 - 245. What is the highest common factor of b and a?
12
Suppose 367*g - 379*g + 336 = 0. Calculate the highest common factor of 9149 and g.
7
Let t(f) = 39*f + 745. Let y be t(-6). What is the greatest common divisor of y and 1241?
73
Suppose 3*f + o = 460, 2*f - 8*o = -6*o + 320. Let k = f - 39. What is the highest common factor of 29 and k?
29
Let c(v) = 2*v**3 - 3*v**2 - 6*v. Let l be c(3). Suppose -27 = -w + 4*f, -l*w + 5*f + 75 = -4*w. Calculate the greatest common factor of 33 and w.
11
Let i(r) = 67*r + 12053. Let x be i(-128). Calculate the highest common divisor of 57 and x.
57
Suppose 3*n + 5*v - 1065 = 0, -15*n + 17*n = 3*v + 691. Let z = n - 277. What is the greatest common divisor of z and 219?
73
Suppose -g + 4*i = -386, 9*g + 1557 = 13*g - 3*i. What is the greatest common divisor of g and 7215?
195
Suppose -3075 - 259 = -11*s - 408. What is the highest common divisor of s and 3572?
38
Suppose -701 = 28*s + 33*s - 2653. What is the highest common factor of 376 and s?
8
Suppose 27*k - 3437 = 58771. What is the greatest common factor of k and 72?
72
Suppose 901*n - 915*n + 266 = 0. Suppose 0*k + 4*k - u = 4029, -4*k = -5*u - 4033. Calculate the highest common factor of k and n.
19
Let q = 69 + -88. Let x = q - -23. Suppose -4*v + 111 = -3*l, 0*v - 52 = -3*v - x*l. Calculate the highest common factor of 36 and v.
12
Let a = 354 - 383. Let z = a - -101. Calculate the highest common divisor of 168 and z.
24
Suppose -8*k = -5*k - 9. Suppose -4*o - k*o + 28 = 0. Suppose -350 + 70 = -o*l. Calculate the highest common divisor of 28 and l.
14
Let k(u) = 11*u**2 - 16*u - 16. Let d be k(-1). What is the greatest common factor of d and 11?
11
Suppose -3*x = 7*x + 5*x. Suppose -7*s + 119 = -x*s. Calculate the highest common factor of s and 68.
17
Let s(r) be the third derivative of -r**4/6 - r**3 - 5*r**2 - 3. Let g be s(-3). What is the greatest common factor of 8 and g?
2
Let v = -69 + 74. Suppose -b + v = -11. Let l be 584/b - ((-6)/4)/(-3). Calculate the highest common factor of 4 and l.
4
Let g(f) = -70*f - 7992. Let v be g(-119). Calculate the greatest common factor of 9295 and v.
169
Suppose -81*x - 4*x - 15*x = -580900. Calculate the greatest common factor of 157 and x.
157
Let d(s) = 155*s - 162*s - 4 - s**2 - 5. Let j be d(-5). Let i = 4 + j. What is the highest common divisor of 25 and i?
5
Let m(u) = -64*u - 3063. Let t be m(-48). Calculate the highest common divisor of t and 11079.
9
Let u be ((-30)/(-9))/(-5) + (-1)/3. Let z be ((-1 - u)/(-2))/(2 + 0). Suppose z = 2*p - 22 + 6. Calculate the highest common divisor of 12 and p.
4
Suppose -3*q - 106 = -4*q. Suppose -3*t - 3*f = -214 - 266, 0 = 2*t + 3*f - 321. What is the highest common divisor of t and q?
53
Let f = -171 + 164. Let u(c) = -2*c**2 - 18*c - 4. Let p be u(f). What is the greatest common divisor of p and 216?
24
Suppose 251 = -16*j + 59. Suppose -2*d = -d + 4*h - 28, 4 = -2*h. Let c = d - j. What is the greatest common divisor of c and 6?
6
Suppose 6*h + 306 = -0*h. Let p = h - -291. What is the highest common factor of p and 30?
30
Let b be (2 + 0/4)/((-539)/(-132) - 4). What is the greatest common divisor of 1592 and b?
8
Let b(w) = 272*w + 140. Suppose 24*h = 2*h + 44. Let c be b(h). Calculate the highest common divisor of 72 and c.
36
Suppose -19*z + 838 - 173 = 0. Let v be 29 - z - (-29 - -2). What is the highest common divisor of 7 and v?
7
Let o(g) = -6*g + 288. Let p be o(0). Let x = p - 180. Calculate the greatest common divisor of 48 and x.
12
Let p(t) = -t**2 + 2*t + 53. Let w(a) = -a**2 + a + 1. Let o(f) = p(f) - 3*w(f). Let z be o(-12). Calculate the greatest common divisor of z and 35.
35
Let j(i) = i**2 + 83*i + 1654. Let y be j(-32). Calculate the highest common divisor of y and 583.
11
Let p(t) be the second derivative of -1/6*t**3 - 2*t + 1/12*t**4 + 0*t**2 + 0. Let v be p(4). Calculate the highest common factor of 12 and v.
12
Let u(q) = -q - 1. Let i(d) = -d**3 - 6*d**2 - 5*d - 17. Suppose -6 = m - 1. Let f be i(m). Let w be u(f). Calculate the greatest common factor of w and 2.
2
Suppose -9*y = -y + 24. Let f be -7 - y - (-32 + 5 - -6). Calculate the highest common factor of f and 153.
17
Suppose 13*t - 11*t = 10. Let p be (t/(-10) - -1)*2. Let c be p + 10/(-5) + 23. What is the greatest common divisor of 55 and c?
11
Suppose 357*p - 154*p - 584031 = 0. Calculate the highest common factor of 14 and p.
7
Suppose 0 = -13*y + 4*y + 99. Suppose y*t - 104 = 622. Calculate the greatest common factor of t and 165.
33
Let w be (1/2)/(7/14). Suppose r + 4*i - 7 = 0, -13*r - 3*i + 18 = -8*r. What is the highest common factor of w and r?
1
Let j(x) = -x**2 - 40*x - 166. Let l(v) = -3*v**2 - 12*v + 2. Let c be l(2). Let i be j(c). What is the highest common divisor of 494 and i?
38
Let n be 2*(-18)/4*(-4)/(-6). Let y be (1 - (-10)/n) + 644/21. Calculate the greatest common factor of y and 6.
6
Suppose 2*z + 135*d = 134*d + 501, -3*z - 3*d = -756. What is the greatest common factor of 1411 and z?
83
Let y(d) = d + 10. Let v be y(14). Suppose -3*r + 18 + v = -5*f, -2*r = -8. Let o be (f/(-27)*3)/(2/24). What is the highest common divisor of 32 and o?
8
Let h = 25 - 9. Suppose -3*z - 13 = 5*p - 47, -4*p - h = 0. Let g be -10*2/(-90)*-6*-27. Calculate the highest common factor of g and z.
18
Let i be 4077/6 + (-52)/8 + 6. Let z = -658 + i. What is the greatest common factor of 861 and z?
21
Suppose 0*b + 4*b = -24. Let c be (-3)/b - 138/(-4). Let v = -6253 + 6258. Calculate the greatest common divisor of c and v.
5
Suppose -4*t = d - 459 + 10, 5*t + 3*d - 563 = 0. Let u be (-18 - -43 - 35)/(2/(-56)). What is the greatest common divisor of u and t?
56
Let g be (-16)/136 + (-64)/34. Let o be (-576)/(-256) + g/8. Calculate the highest common factor of 16 and o.
2
Let l be (-6)/10 + -26*(-2)/20. Suppose -6*i + 36 - 6 = 0. Suppose -b + 15 = t - l*b, -t + i = b. Calculate the highest common divisor of t and 150.
10
Suppose 4*k - 2*u - 1954 = 0, -k + 27*u = 23*u - 478. Calculate the greatest common divisor of k and 42.
14
Let u = -12956 + 17794. Calculate the highest common factor of 41 and u.
41
Suppose 6*d + 16*d - 1575 = -13*d. Calculate the greatest common divisor of d and 9.
9
Let z be 1300/(-195)*(-12)/(-5). Let g be ((-80)/z)/(15/9). What is the highest common factor of 93 and g?
3
Let x(n) = 33*n + 9. Let m be x(17). Suppose -7*a + 3*a = -12, 0 = 3*l + a - m. Calculate the highest common divisor of 3 and l.
3
Suppose 24*v = 30*v - 12. Let s be (-1)/(-6 + v + (-222)/(-56)). Calculate the greatest common divisor of 476 and s.
28
Let s be (-9)/((-7)/2 - -2). Let u(k) = -25*k - 845. Let w be u(-34). Suppose s*o - 2387 = -w*o. Calculate the highest common factor of 31 and o.
31
Let x(f) = f + 9. Suppose 2*w - w - 7 = 0. Let z be x(w). Suppose -540*s + 728 = -358*s. Calculate the greatest common fa